ase 9.
45
Convert 17 (base 16) to base 12.
1b
Convert -2 (base 5) to base 12.
-2
What is b1 (base 13) in base 8?
220
6 (base 9) to base 11
6
0 (base 13) to base 7
0
123 (base 4) to base 15
1c
Convert 5 (base 9) to base 10.
5
Convert -81 (base 14) to base 3.
-11012
Convert 19 (base 11) to base 6.
32
Convert -10 (base 2) to base 13.
-2
Convert -445 (base 7) to base 15.
-104
10 (base 13) to base 10
13
What is 49 (base 16) in base 6?
201
Convert 105 (base 9) to base 13.
68
What is 18 (base 11) in base 6?
31
What is -161 (base 7) in base 11?
-84
What is 1 (base 6) in base 11?
1
Convert -1212 (base 3) to base 9.
-55
Convert 58 (base 9) to base 4.
311
Convert -1 (base 6) to base 3.
-1
-5 (base 13) to base 16
-5
-8 (base 12) to base 2
-1000
9 (base 16) to base 3
100
Convert 3 (base 15) to base 11.
3
What is -12 (base 16) in base 8?
-22
0 (base 3) to base 11
0
1 (base 16) to base 5
1
Convert 2e (base 15) to base 8.
54
Convert -139 (base 11) to base 4.
-2203
22 (base 11) to base 6
40
Convert -1 (base 8) to base 9.
-1
What is 3 (base 15) in base 13?
3
What is 0 (base 5) in base 9?
0
-1 (base 16) to base 12
-1
Convert 133 (base 5) to base 11.
3a
Convert 1 (base 14) to base 6.
1
What is 3c (base 14) in base 3?
2000
2 (base 9) to base 13
2
-4 (base 10) to base 8
-4
Convert -11 (base 4) to base 6.
-5
Convert -b (base 12) to base 16.
-b
-34 (base 6) to base 7
-31
Convert -4 (base 9) to base 12.
-4
Convert 0 (base 15) to base 16.
0
-21 (base 7) to base 11
-14
26 (base 15) to base 7
51
Convert -355 (base 7) to base 3.
-20221
What is -1110 (base 2) in base 7?
-20
Convert -100100 (base 2) to base 6.
-100
Convert 0 (base 9) to base 6.
0
-100001 (base 3) to base 9
-301
1351 (base 6) to base 15
18a
What is 24 (base 7) in base 13?
15
What is 110 (base 3) in base 4?
30
Convert -2 (base 7) to base 12.
-2
What is 0 (base 7) in base 8?
0
-162 (base 7) to base 15
-63
Convert 120 (base 3) to base 4.
33
Convert 51 (base 8) to base 12.
35
Convert -a (base 11) to base 13.
-a
46 (base 12) to base 16
36
4 (base 13) to base 11
4
What is 7 (base 8) in base 6?
11
Convert -344 (base 7) to base 11.
-153
What is 4 (base 7) in base 14?
4
-17 (base 14) to base 15
-16
Convert 1 (base 15) to base 11.
1
Convert -3 (base 14) to base 12.
-3
What is 11 (base 2) in base 6?
3
-110 (base 3) to base 8
-14
What is 1 (base 14) in base 2?
1
What is -36 (base 9) in base 2?
-100001
What is -37 (base 16) in base 3?
-2001
Convert -1111 (base 2) to base 9.
-16
-b (base 16) to base 3
-102
1010 (base 2) to base 5
20
1 (base 11) to base 8
1
What is 27 (base 8) in base 10?
23
-1 (base 2) to base 13
-1
-5 (base 9) to base 3
-12
What is 1 (base 8) in base 11?
1
-29 (base 11) to base 10
-31
-161 (base 11) to base 9
-228
What is -31 (base 8) in base 16?
-19
Convert 220 (base 7) to base 9.
134
What is 7 (base 16) in base 12?
7
What is 1 (base 8) in base 3?
1
What is b9 (base 13) in base 8?
230
11 (base 8) to base 9
10
What is 8 (base 12) in base 3?
22
48 (base 14) to base 9
71
What is -1111 (base 2) in base 16?
-f
-54 (base 6) to base 4
-202
Convert 1 (base 2) to base 5.
1
Convert -1 (base 6) to base 9.
-1
Convert -1 (base 2) to base 6.
-1
What is -3 (base 4) in base 11?
-3
Convert 81 (base 15) to base 3.
11111
0 (base 15) to base 7
0
13 (base 7) to base 4
22
What is 2b (base 12) in base 15?
25
Convert 10102 (base 3) to base 10.
92
5 (base 15) to base 13
5
What is -100 (base 2) in base 5?
-4
What is -43 (base 10) in base 7?
-61
Convert -1 (base 12) to base 13.
-1
10 (base 3) to base 9
3
Convert -100010 (base 2) to base 4.
-202
112 (base 3) to base 8
16
140 (base 5) to base 16
2d
What is -260 (base 9) in base 14?
-116
-6 (base 16) to base 13
-6
Convert 4 (base 9) to base 3.
11
2 (base 8) to base 3
2
Convert -130 (base 4) to base 15.
-1d
Convert -18 (base 13) to base 12.
-19
Convert 0 (base 2) to base 6.
0
Convert 102 (base 3) to base 10.
11
What is 13 (base 13) in base 4?
100
What is 22 (base 7) in base 8?
20
1122 (base 3) to base 6
112
What is -1 (base 11) in base 4?
-1
What is -57 (base 10) in base 13?
-45
2102 (base 4) to base 16
92
What is -427 (base 9) in base 8?
-535
What is 23 (base 7) in base 14?
13
Convert 220 (base 4) to base 11.
37
12 (base 11) to base 12
11
Convert 4 (base 9) to base 14.
4
Convert 5 (base 14) to base 13.
5
Convert -3 (base 14) to base 11.
-3
What is -2c (base 13) in base 10?
-38
What is 31 (base 11) in base 14?
26
What is -21 (base 15) in base 10?
-31
a2 (base 13) to base 16
84
What is 23 (base 8) in base 9?
21
What is 150 (base 8) in base 7?
206
What is 4 (base 15) in base 6?
4
What is -13 (base 6) in base 10?
-9
37 (base 11) to base 16
28
What is -12 (base 4) in base 8?
-6
Convert -11112 (base 4) to base 14.
-1a6
-19 (base 14) to base 6
-35
Convert 2211 (base 3) to base 14.
56
What is 7 (base 14) in base 12?
7
What is -100 (base 2) in base 4?
-10
-110 (base 6) to base 3
-1120
Convert -10 (base 2) to base 11.
-2
-2122 (base 3) to base 5
-241
21 (base 15) to base 13
25
164 (base 9) to base 5
1024
Convert 4 (base 10) to base 2.
100
-6 (base 8) to base 15
-6
Convert -8 (base 9) to base 14.
-8
Convert -cb (base 13) to base 8.
-247
Convert -113 (base 4) to base 6.
-35
-2 (base 8) to base 9
-2
-12 (base 15) to base 13
-14
What is 34 (base 6) in base 16?
16
Convert -122 (base 4) to base 2.
-11010
253 (base 10) to base 12
191
What is -8 (base 9) in base 8?
-10
What is 68 (base 15) in base 13?
77
15 (base 13) to base 10
18
Convert 10 (base 2) to base 14.
2
Convert 3 (base 9) to base 8.
3
What is -4c (base 15) in base 11?
-66
What is 2 (base 10) in base 11?
2
Convert -9 (base 11) to base 5.
-14
Convert -10 (base 3) to base 15.
-3
Convert -10 (base 15) to base 12.
-13
-100101 (base 2) to base 13
-2b
-6 (base 10) to base 8
-6
11101 (base 2) to base 7
41
What is 49 (base 15) in base 14?
4d
Convert 121 (base 15) to base 13.
169
What is -330 (base 4) in base 14?
-44
What is -2323 (base 4) in base 13?
-115
Convert -2 (base 10) to base 14.
-2
18 (base 15) to base 7
32
Convert 1 (base 13) to base 4.
1
4 (base 9) to base 7
4
What is -223 (base 4) in base 8?
-53
Convert 131 (base 4) to base 15.
1e
What is 4 (base 14) in base 3?
11
What is 12 (base 3) in base 8?
5
Convert -186 (base 13) to base 4.
-10113
74 (base 8) to base 11
55
What is -2 (base 7) in base 15?
-2
1011 (base 2) to base 11
10
0 (base 16) to base 15
0
Convert 0 (base 9) to base 3.
0
Convert -2 (base 8) to base 10.
-2
What is -4 (base 7) in base 14?
-4
-a (base 14) to base 3
-101
Convert 3 (base 12) to base 6.
3
Convert -6 (base 8) to base 11.
-6
Convert 4d (base 14) to base 5.
234
Convert -1110 (base 2) to base 16.
-e
What is 20 (base 15) in base 11?
28
-57 (base 9) to base 12
-44
Convert -23 (base 5) to base 12.
-11
Convert 1004 (base 5) to base 13.
9c
-3 (base 10) to base 4
-3
What is 1 (base 12) in base 11?
1
What is -111 (base 3) in base 9?
-14
14 (base 16) to base 3
202
-34 (base 5) to base 10
-19
-30 (base 6) to base 11
-17
-2 (base 6) to base 5
-2
Convert 48 (base 10) to base 16.
30
-32 (base 6) to base 12
-18
-4 (base 12) to base 7
-4
Convert 101 (base 2) to base 8.
5
What is -c1 (base 13) in base 11?
-133
-2011 (base 3) to base 12
-4a
What is b8 (base 13) in base 12?
107
What is 41 (base 11) in base 12?
39
What is -132 (base 9) in base 7?
-215
What is -15 (base 12) in base 16?
-11
-2 (base 4) to base 9
-2
1 (base 15) to base 2
1
What is -45 (base 10) in base 5?
-140
-200 (base 10) to base 9
-242
What is -144 (base 7) in base 9?
-100
Convert 3 (base 6) to base 5.
3
What is -4 (base 16) in base 2?
-100
1220 (base 4) to base 2
1101000
1 (base 10) to base 11
1
-40 (base 5) to base 9
-22
-30 (base 5) to base 16
-f
Convert 1 (base 7) to base 2.
1
What is -146 (base 14) in base 5?
-2013
61 (base 14) to base 15
5a
What is 28 (base 13) in base 7?
46
Convert -1 (base 7) to base 11.
-1
2 (base 3) to base 7
2
26 (base 16) to base 5
123
Convert 6 (base 13) to base 10.
6
Convert 1 (base 2) to base 14.
1
What is 2 (base 12) in base 11?
2
-31 (base 8) to base 15
-1a
What is -23 (base 16) in base 9?
-38
What is -101101 (base 2) in base 12?
-39
What is -18 (base 13) in base 6?
-33
What is -12 (base 12) in base 10?
-14
What is -1101011 (base 2) in base 16?
-6b
What is -1 (base 16) in base 2?
-1
-2 (base 5) to base 8
-2
16 (base 13) to base 12
1